 271 a factor of 6280696?
True
Is 258389 a multiple of 269?
False
Is 5493852 a multiple of 108?
True
Is 1778790 a multiple of 130?
True
Is 705176 a multiple of 487?
True
Does 29 divide 208708?
False
Is 79 a factor of 3626881?
False
Is 214464 a multiple of 73?
False
Does 68 divide 243441?
False
Is 11 a factor of 344982?
True
Is 1087857 a multiple of 17?
False
Is 41 a factor of 1387727?
True
Is 1996514 a multiple of 69?
False
Does 43 divide 5991620?
True
Is 992 a factor of 15949112?
False
Does 50 divide 1150150?
True
Does 97 divide 1530603?
False
Is 1471 a multiple of 2?
False
Does 12 divide 1078720?
False
Is 48256 a multiple of 208?
True
Does 367 divide 675195?
False
Does 4 divide 372915?
False
Does 880 divide 8371328?
False
Does 65 divide 6055335?
True
Is 148514 a multiple of 107?
False
Is 3597958 a multiple of 41?
False
Is 58 a factor of 219588?
True
Is 31 a factor of 308326?
True
Is 1002091 a multiple of 4?
False
Is 7 a factor of 34687?
False
Is 947543 a multiple of 14?
False
Does 16 divide 285196?
False
Does 62 divide 17015218?
True
Is 661 a factor of 603562?
False
Is 40 a factor of 114706?
False
Is 447 a factor of 311112?
True
Does 64 divide 65472?
True
Is 7 a factor of 139538?
True
Does 39 divide 3271949?
False
Is 343070 a multiple of 203?
True
Is 33 a factor of 10750?
False
Does 18 divide 303282?
True
Is 41837 a multiple of 7?
False
Is 15 a factor of 1113582?
False
Is 3 a factor of 299847?
True
Is 11 a factor of 745303?
False
Is 8 a factor of 79438?
False
Is 13294380 a multiple of 4?
True
Does 63 divide 483489?
False
Is 1085 a factor of 4390027?
False
Is 60 a factor of 4933399?
False
Does 192 divide 259172?
False
Is 9 a factor of 173387?
False
Is 260148 a multiple of 114?
True
Is 97237 a multiple of 526?
False
Is 5 a factor of 63700?
True
Is 163059 a multiple of 2?
False
Does 441 divide 1632436?
False
Is 25057564 a multiple of 20?
False
Does 4 divide 1030700?
True
Does 33 divide 161403?
True
Does 331 divide 2982754?
False
Does 13 divide 1415750?
False
Does 599 divide 3931289?
False
Is 556710 a multiple of 14?
True
Is 1047924 a multiple of 124?
True
Does 17 divide 85768?
False
Is 30498450 a multiple of 29?
False
Is 14679243 a multiple of 9?
True
Is 65436 a multiple of 399?
True
Does 153 divide 87210?
True
Does 27 divide 752328?
True
Is 259 a factor of 3346539?
True
Is 10 a factor of 66417?
False
Is 158825 a multiple of 2?
False
Does 88 divide 895488?
True
Is 115 a factor of 1041325?
True
Does 246 divide 1640989?
False
Is 131782 a multiple of 564?
False
Is 18117 a multiple of 33?
True
Does 426 divide 35780?
False
Is 1003871 a multiple of 11?
True
Does 16 divide 591916?
False
Is 636976 a multiple of 656?
True
Does 33 divide 612323?
False
Is 5709 a multiple of 3?
True
Does 657 divide 3758040?
True
Does 69 divide 23606290?
False
Is 1019 a factor of 3035078?
False
Is 100 a factor of 3442891?
False
Is 658 a factor of 222404?
True
Is 2593090 a multiple of 162?
False
Does 498 divide 528876?
True
Is 8 a factor of 687840?
True
Is 739104 a multiple of 24?
True
Does 175 divide 37975?
True
Is 345443 a multiple of 13?
False
Is 3 a factor of 4980939?
True
Does 8 divide 258088?
True
Is 282237 a multiple of 341?
False
Does 13 divide 2810828?
False
Is 19 a factor of 303260?
False
Is 434530 a multiple of 22?
False
Does 64 divide 263987?
False
Does 27 divide 5482971?
True
Is 437 a factor of 1572127?
False
Is 12 a factor of 23988?
True
Is 19110629 a multiple of 172?
False
Is 56 a factor of 1077804?
False
Is 7 a factor of 10765446?
False
Is 2415622 a multiple of 19?
True
Is 3 a factor of 911508?
True
Does 12 divide 1233781?
False
Is 1171783 a multiple of 912?
False
Does 17 divide 3894085?
False
Does 96 divide 145344?
True
Is 5 a factor of 2178504?
False
Is 426587 a multiple of 80?
False
Is 18 a factor of 1078?
False
Is 72 a factor of 549576?
True
Is 35742 a multiple of 69?
True
Is 908602 a multiple of 149?
True
Is 12874 a multiple of 41?
True
Is 2110976 a multiple of 38?
True
Does 7 divide 572666?
False
Is 568111 a multiple of 59?
True
Is 159 a factor of 1278678?
True
Is 21436584 a multiple of 127?
True
Is 212 a factor of 411718?
False
Is 21678 a multiple of 4?
False
Does 301 divide 256953?
False
Is 429758 a multiple of 175?
False
Does 224 divide 2151237?
False
Is 69 a factor of 3379827?
True
Is 77 a factor of 2177483?
True
Does 63 divide 972128?
False
Is 1338769 a multiple of 115?
False
Is 670 a factor of 471680?
True
Is 38 a factor of 593180?
True
Does 20 divide 1920540?
True
Is 11 a factor of 239513?
False
Is 951116 a multiple of 310?
False
Does 116 divide 1482504?
False
Is 14 a factor of 3211150?
False
Is 27750 a multiple of 2?
True
Is 301 a factor of 4064635?
False
Does 11 divide 1161931?
False
Is 7 a factor of 22741?
False
Is 493025 a multiple of 13?
True
Does 61 divide 62159?
True
Is 7184744 a multiple of 757?
False
Does 103 divide 7895?
False
Is 42408 a multiple of 57?
True
Is 146432 a multiple of 8?
True
Is 10584 a multiple of 108?
True
Does 261 divide 723611?
False
Is 174 a factor of 1606364?
False
Is 392559 a multiple of 71?
True
Is 7 a factor of 18004?
True
Does 289 divide 592668?
False
Is 33 a factor of 79167?
True
Is 329 a factor of 2493678?
False
Is 11 a factor of 1815077?
True
Is 754380 a multiple of 66?
True
Is 608286 a multiple of 4?
False
Is 120 a factor of 154680?
True
Is 149760 a multiple of 10?
True
Is 871300 a multiple of 10?
True
Is 15 a factor of 150165?
True
Does 15 divide 57767?
False
Is 115 a factor of 776738?
False
Does 10 divide 1531303?
False
Does 50 divide 1272197?
False
Is 54 a factor of 79488?
True
Is 341 a factor of 35464?
True
Is 81134 a multiple of 113?
True
Is 100 a factor of 525608?
False
Is 26144 a multiple of 32?
True
Is 69440 a multiple of 8?
True
Is 193053 a multiple of 53?
False
Is 3476262 a multiple of 51?
True
Is 248 a factor of 1387064?
True
Is 155224 a multiple of 34?
False
Is 65296 a multiple of 22?
True
Does 5 divide 64955?
True
Is 79719 a multiple of 70?
False
Is 3758375 a multiple of 290?
False
Is 485 a factor of 2275711?
False
Does 31 divide 42903?
False
Does 301 divide 3591833?
True
Is 12088455 a multiple of 23?
True
Does 21 divide 1617000?
True
Does 179 divide 849176?
True
Is 5800186 a multiple of 14?
True
Does 77 divide 322576?
False
Is 10 a factor of 52356?
False
Is 70 a factor of 122010?
True
Is 8788537 a multiple of 284?
False
Does 1092 divide 8800428?
True
Is 182 a factor of 7264?
False
Is 493 a factor of 6910181?
False
Does 5 divide 19623?
False
Is 26 a factor of 3815474?
True
Is 279266 a multiple of 252?
False
Does 34 divide 3312?
False
Is 778 a factor of 671414?
True
Does 136 divide 422005?
False
Does 147 divide 6336141?
True
Is 286 a factor of 109020?
False
Is 1234926 a multiple of 594?
True
Is 11 a factor of 4340424?
True
Is 184593 a multiple of 30?
False
Is 1142180 a multiple of 764?
True
Does 284 divide 7906914?
False
Is 752411 a multiple of 26?
False
Is 2735172 a multiple of 482?
False
Is 2 a factor of 60861?
False
Is 77 a factor of 456495?
False
Does 199 divide 47362?
True
Does 407 divide 313814?
False
Is 903 a factor of 5013456?
True
Is 95 a factor of 90250?
True
Is 231729 a multiple of 159?
False
Is 194040 a multiple of 49?
True
Does 12 divide 2153329?
False
Does 3 divide 55919?
False
Does 119 divide 137336?
False
Does 26 divide 4960669?
False
Is 21 a factor of 2951907?
True
Does 12 divide 581129?
False
Is 933490 a multiple of 674?
True
Does 102 divide 730422?
True
Is 1549411 a multiple of 74?
False
Is 376 a factor of 8205104?
False
Is 30 a factor of 115680?
True
Is 5 a factor of 224129?
False
Does 7 divide 7346843?
True
Is 829428 a multiple of 62?
False
Is 81 a factor of 2394931?
False
Is 202 a factor of 60800?
False
Is 266815 a multiple of 218?
False
Does 53 divide 5887240?
True
Is 98435 a multiple of 50?
False
Does 23 divide 13786591?
True
Is 4853839 a multiple of 877?
False
Is 701 a multiple of 23?
False
Is 14 a factor of 633480?
False
Does 98 divide 88526?
False
Does 186 divide 305645?
False
Does 12 divide 311424?
True
Is 12 a factor of 5484?
True
Is 1477958 a multiple of 2?
True
Is 748548 a multiple of 108?
True
Is 410948 a multiple of 326?
False
Does 388 divide 1749104?
True
Does 19 divide 13318107?
True
Is 3202306 a multiple of 879?
False
Is 4315311 a multiple of 146?
False
Is 